{"id":20433,"date":"2026-02-01T11:27:29","date_gmt":"2026-02-01T09:27:29","guid":{"rendered":"https:\/\/www.iptv-anbieter.info\/iptv-news\/?page_id=20433"},"modified":"2026-02-03T19:02:27","modified_gmt":"2026-02-03T17:02:27","slug":"wie-serioes-ist-iptv","status":"publish","type":"page","link":"https:\/\/www.iptv-anbieter.info\/iptv-news\/wie-serioes-ist-iptv\/","title":{"rendered":"Wie seri\u00f6s ist IPTV?"},"content":{"rendered":"<p><img decoding=\"async\" src=\"https:\/\/www.iptv-anbieter.info\/iptv-news\/wp-content\/uploads\/2026\/02\/iptv-serioes-illegal.webp\" alt=\"IPTV: Seri\u00f6s oder illegal?\" fetchpriority=\"high\"><\/p>\n<h2>So unterscheiden Sie echte von zwielichtigen Anbietern<\/h2>\n<p>Immer wieder tauchen in den Medien Berichte von Razzien und Schl\u00e4ge gegen TV-Piraten auf. Daher stellen sich viele Verbraucher berechtigt die Frage: Ist die Nutzung von IPTV \u00fcberhaupt seri\u00f6s m\u00f6glich? Wir zeigen, was man guten Gewissens machen kann und wo Gefahren von dubiosen Quellen lauern.<!--more--><\/p>\n<h2>1. Ja oder nein: Ist IPTV seri\u00f6s?<\/h2>\n<p>Kommen wir zun\u00e4chst zur Ausgangsfrage. Die k\u00fcrzeste Antwort lautet eindeutig \u201eja\u201c. Allerdings mit einem \u201eaber\u201c verkn\u00fcpft. <\/p>\n<p>&nbsp;<\/p>\n<p>Zun\u00e4chst wollen wir festhalten, dass IPTV als solches nicht unseri\u00f6s sein kann. Denn es handelt sich ja allgemein nur um eine Technik, um TV- und Videoinhalte \u00fcber das Internet auf den heimischen Fernseher (oder ein anderes Endger\u00e4t) zu \u00fcbertragen. <span class=\"ihand2\"><\/span><u>Vielmehr geht es darum, wie die Technik genutzt wird<\/u>.<\/p>\n<p>&nbsp;<\/p>\n<div class=\"infoboxr\"><u>IPTV: Ein Wort, viele Bedeutungen<\/u><br \/>Vorweg noch ein Hinweis zur Begriffsnutzung. Technisch gesehen gibt es einen kleinen Unterschied zwischen Streaming (wie <a href=\"https:\/\/www.iptv-anbieter.info\/streaming\/netflix.html\" data-internallinksmanager029f6b8e52c=\"21\" title=\"alles \u00fcber Netflix samt Testbericht\">Netflix<\/a>) und IPTV. Denn beim richtigen IPTV wird das TV-Signal \u00fcber ein geschlossenes Netz per Internet zum Kunden geleitet. Streamingdienste sind aber direkt \u00fcber jeden Internetanbieter nutzbar. Im Sprachgebrauch hat sich aber so ziemlich alles mit Internetfernehen als \u201eIPTV\u201c etabliert &#8230;<\/div>\n<p>Mit Ihrem Internetbrowser k\u00f6nnen Sie schlie\u00dflich auch illegale Seiten aufrufen \u2013 die Browsersoftware selbst ist aber deswegen aber nicht illegal oder schlecht. Genauso verh\u00e4lt es an sich mit IP-TV. Neben regul\u00e4ren IPTV-Anbietern wie <a href=\"https:\/\/www.iptv-anbieter.info\/iptv-provider\/magenta-tv.html\" data-internallinksmanager029f6b8e52c=\"29\" title=\"Magenta-TV: mehr \u00fcber IPTV von der Telekom\">MagentaTV<\/a>, tummeln sich im Netz auch unseri\u00f6se oder illegale Anbieter.<\/p>\n<p>&nbsp;<\/p>\n<div class=\"highlight\"><span class=\"ipfeil\"><\/span>Folgend erfahren Sie unter anderem, wie man vertrauensw\u00fcrdige, integre Anbieter erkennt.<\/div>\n<p>&nbsp;<\/p>\n<h2>2. Wie man einen seri\u00f6sen IPTV-Anbieter ausw\u00e4hlt<\/h2>\n<p>Immer mehr Streamingdienste und TV-Sender bieten eine nahezu unendliche F\u00fclle von interessanten TV-Inhalten. Gab es anfangs nur Netflix, buhlen jetzt ca. 20 Streamingdienste um die Gunst der Kunden. Bei im Schnitt 10 bis 15 \u20ac monatlich pro Anbieter + dem regul\u00e4ren TV-Sendern, kommen da schnell hohe monatliche Summen zusammen. Zumindest wenn man mit mehreren Diensten lieb\u00e4ugelt. Daher suchen einige Verbraucher verst\u00e4ndlicher Weise nach Sparm\u00f6glichkeiten. Dabei landet man aber leider oft bei illegalen Angeboten. So vermeiden Sie solche Fallen:<\/p>\n<p>&nbsp;<\/p>\n<p><u><span class=\"ilampe\"><\/span>Tipp Nummer 1:<\/u> Legale IPTV- und Streamingdienste sind im seltensten Fall kostenlos. Es gibt tats\u00e4chlich einige legale Ausnahmen, die wir <a href=\"https:\/\/www.iptv-anbieter.info\/streaming\/freie-streaming-anbieter.html\">f\u00fcr Sie hier vorstellen<\/a>. Doch sonst gilt die Regel: Was andernorts nicht kostenlos ist (wie <a href=\"https:\/\/www.iptv-anbieter.info\/streaming\/paramount-plus.html\" data-internallinksmanager029f6b8e52c=\"3\" title=\"alles zum Streamingangebot von Paramount Plus erfahren\">Paramount+<\/a>), kann Ihnen kein Anbieter legal kostenlos bieten. Erstrecht nicht, wenn man fast alle Streaming- und IPTV-Anbieter zu einem winzigen B\u00fcndelpreis von z.B. 10-20 \u20ac im Monat bekommen soll.<\/p>\n<p>&nbsp;<\/p>\n<p><u><span class=\"ilampe\"><\/span>Tipp Nummer 2:<\/u> Besuchen Sie die Webseiten. Gibt es einen Kundenservice, was sagen andere (Googeln nach \u201eErfahrungen mit XYZ\u201c), wie seri\u00f6s wirkt der Internetauftritt? Gibt es ein transparentes Preismodell? Kann man z.B. nur mit Kreditkarte zahlen und gibt es kein (europ\u00e4isches) Impressum, sollten schon mal die Alarmglocken schrillen.<\/p>\n<p>&nbsp;<\/p>\n<p><u><span class=\"ilampe\"><\/span>Tipp Nummer 3:<\/u> Sportlizenzen sind teuer. Daher verlangen <a href=\"https:\/\/www.iptv-anbieter.info\/streaming\/dazn.html\" data-internallinksmanager029f6b8e52c=\"8\" title=\"mehr \u00fcber das Angebot von DAZN erfahren\">DAZN<\/a> &#038; Co auch teils exorbitante Geb\u00fchren von Ihren Nutzern von teils 50 \u20ac aufw\u00e4rts pro Monat. Sportfans sollten aber wissen \u2013 Anbieter, die Fussballspiele etc. \u00fcbers Ausland gratis bzw. f\u00fcr kleines Geld bieten, sind in der Regel nicht \u201ekoscher\u201c!!<\/p>\n<p>&nbsp;<\/p>\n<p><u><span class=\"ilampe\"><\/span>Tipp Nummer 4:<\/u> Geh\u00f6rt der Dienst zu den bekannten Namen? Folgend haben wir ihnen die popul\u00e4rsten Streaming- und IPTV-Anbieter aufgelistet samt zugeh\u00f6riger Internetseite. Diese sind zu <u>100% seri\u00f6s und legal<\/u>.<\/p>\n<p>&nbsp;<\/p>\n<h2>3. Seri\u00f6se Anbieter im \u00dcberblick<\/h2>\n<p>In der folgenden Tabelle geben wir Ihnen einen \u00dcberblick \u00fcber alle in Deutschland vollkommen legal und integren Anbieter.<\/p>\n<p>&nbsp;<\/p>\n\n<table id=\"tablepress-10\" class=\"tablepress tablepress-id-10\">\n<thead>\n<tr class=\"row-1\">\n\t<th class=\"column-1\">Anbieter<\/th><th class=\"column-2\">Typ<\/th><th class=\"column-3\">Kosten<br>je Monat<\/th><th class=\"column-4\">unsere Wertung<\/th><th class=\"column-5\">Infos<\/th><th class=\"column-6\">zur Webseite<\/th>\n<\/tr>\n<\/thead>\n<tbody class=\"row-striping row-hover\">\n<tr class=\"row-2\">\n\t<td class=\"column-1\">MagentaTV mit Internet<\/td><td class=\"column-2\">IPTV<\/td><td class=\"column-3\">ab 5,- \u20ac<\/td><td class=\"column-4\"><img decoding=\"async\" src=\"\/Bilder\/symbole\/5-star.png\" alt=\"5 von 5 Sterne\" width=\"90\"><\/td><td class=\"column-5\">*<a href=\"https:\/\/www.iptv-anbieter.info\/iptv-provider\/magenta-tv.html\" target=\"_blank\" rel=\"noopener\">mehr<\/a>*<\/td><td class=\"column-6\">*<a href=\"https:\/\/www.iptv-anbieter.info\/details\/magentatv\" target=\"_blank\" rel=\"nofollow noopener\">klick<\/a>*<\/td>\n<\/tr>\n<tr class=\"row-3\">\n\t<td class=\"column-1\">MagentaTV Streaming<\/td><td class=\"column-2\">Streaming<\/td><td class=\"column-3\">ab 10,- \u20ac<\/td><td class=\"column-4\"><img decoding=\"async\" src=\"\/Bilder\/symbole\/5-star.png\" alt=\"5 von 5 Sterne\" width=\"90\"><\/td><td class=\"column-5\">*<a href=\"https:\/\/www.iptv-anbieter.info\/streaming\/magenta-tv-ohne-telekomanschluss.html\" target=\"_blank\" rel=\"noopener\">mehr<\/a>*<\/td><td class=\"column-6\">*<a href=\"https:\/\/www.iptv-anbieter.info\/details\/magentatvapp\" target=\"_blank\" rel=\"nofollow noopener\">klick<\/a>*<\/td>\n<\/tr>\n<tr class=\"row-4\">\n\t<td class=\"column-1\">Netflix<\/td><td class=\"column-2\">Streaming<\/td><td class=\"column-3\">ab 4.99 \u20ac<\/td><td class=\"column-4\"><img decoding=\"async\" src=\"\/Bilder\/symbole\/5-star.png\" alt=\"5 von 5 Sterne\" width=\"90\"><\/td><td class=\"column-5\">*<a href=\"https:\/\/www.iptv-anbieter.info\/streaming\/netflix.html\" target=\"_blank\" rel=\"noopener\">mehr<\/a>*<\/td><td class=\"column-6\">*<a href=\"https:\/\/www.netflix.com\/de\/\" target=\"_blank\" rel=\"noopener\">klick<\/a>*<\/td>\n<\/tr>\n<tr class=\"row-5\">\n\t<td class=\"column-1\">Amazon P. Video<\/td><td class=\"column-2\">Streaming<\/td><td class=\"column-3\">ab 8,99 \u20ac<\/td><td class=\"column-4\"><img decoding=\"async\" src=\"\/Bilder\/symbole\/4-star.png\" alt=\"4 von 5 Sterne\" width=\"90\"><\/td><td class=\"column-5\">*<a href=\"https:\/\/www.iptv-anbieter.info\/vod\/amazon-tv.html\" target=\"_blank\" rel=\"noopener\">mehr<\/a>*<\/td><td class=\"column-6\">*<a href=\"https:\/\/www.amazon.de\/gp\/browse.html?node=3010075031&amp;ref_=nav_em__aiv_0_2_3_2&amp;tag=iptv-21\" target=\"_blank\" rel=\"nofollow noopener\">klick<\/a>*<\/td>\n<\/tr>\n<tr class=\"row-6\">\n\t<td class=\"column-1\">Disney+<\/td><td class=\"column-2\">Streaming<\/td><td class=\"column-3\">ab 5.99 \u20ac<\/td><td class=\"column-4\"><img decoding=\"async\" src=\"\/Bilder\/symbole\/4-star.png\" alt=\"4 von 5 Sterne\" width=\"90\"><\/td><td class=\"column-5\">*<a href=\"https:\/\/www.iptv-anbieter.info\/streaming\/disney-plus.html\" target=\"_blank\" rel=\"noopener\">mehr<\/a>*<\/td><td class=\"column-6\">*<a href=\"https:\/\/www.disneyplus.com\/de-de\" target=\"_blank\" rel=\"nofollow noopener\">klick<\/a>*<\/td>\n<\/tr>\n<tr class=\"row-7\">\n\t<td class=\"column-1\">Joyn<\/td><td class=\"column-2\">Streaming<\/td><td class=\"column-3\">ab 0,- \u20ac<\/td><td class=\"column-4\"><img decoding=\"async\" src=\"\/Bilder\/symbole\/4-star.png\" alt=\"4 von 5 Sterne\" width=\"90\"><\/td><td class=\"column-5\">*<a href=\"https:\/\/www.iptv-anbieter.info\/streaming\/joyn.html\" target=\"_blank\" rel=\"noopener\">mehr<\/a>*<\/td><td class=\"column-6\">*<a href=\"https:\/\/www.iptv-anbieter.info\/details\/joynplus\" target=\"_blank\" rel=\"nofollow noopener\">klick<\/a>*<\/td>\n<\/tr>\n<tr class=\"row-8\">\n\t<td class=\"column-1\">Waipu.TV<\/td><td class=\"column-2\">Streaming<\/td><td class=\"column-3\">ab 7.49 \u20ac<\/td><td class=\"column-4\"><img decoding=\"async\" src=\"\/Bilder\/symbole\/4-star.png\" alt=\"4 von 5 Sterne\" width=\"90\"><\/td><td class=\"column-5\">*<a href=\"https:\/\/www.iptv-anbieter.info\/iptv-provider\/waipu-tv.html\" target=\"_blank\" rel=\"noopener\">mehr<\/a>*<\/td><td class=\"column-6\">*<a href=\"https:\/\/www.iptv-anbieter.info\/details\/waipu\" target=\"_blank\" rel=\"nofollow noopener\">klick<\/a>*<\/td>\n<\/tr>\n<tr class=\"row-9\">\n\t<td class=\"column-1\">RTL+<\/td><td class=\"column-2\">Streaming<\/td><td class=\"column-3\">ab 5.99 \u20ac<\/td><td class=\"column-4\"><img decoding=\"async\" src=\"\/Bilder\/symbole\/4-star.png\" alt=\"4 von 5 Sterne\" width=\"90\"><\/td><td class=\"column-5\">*<a href=\"https:\/\/www.iptv-anbieter.info\/streaming\/rtl-plus.html\" target=\"_blank\" rel=\"noopener\">mehr<\/a>*<\/td><td class=\"column-6\">*<a href=\"https:\/\/www.iptv-anbieter.info\/details\/RTLplus\" target=\"_blank\" rel=\"nofollow noopener\">klick<\/a>*<\/td>\n<\/tr>\n<tr class=\"row-10\">\n\t<td class=\"column-1\">Paramount+<\/td><td class=\"column-2\">Streaming<\/td><td class=\"column-3\">ab 7.99 \u20ac<\/td><td class=\"column-4\"><img decoding=\"async\" src=\"\/Bilder\/symbole\/4-star.png\" alt=\"4 von 5 Sterne\" width=\"90\"><\/td><td class=\"column-5\">*<a href=\"https:\/\/www.iptv-anbieter.info\/streaming\/paramount-plus.html\" target=\"_blank\" rel=\"noopener\">mehr<\/a>*<\/td><td class=\"column-6\">*<a href=\"https:\/\/www.iptv-anbieter.info\/details\/paramount\" target=\"_blank\" rel=\"nofollow noopener\">klick<\/a>*<\/td>\n<\/tr>\n<tr class=\"row-11\">\n\t<td class=\"column-1\">Mediatheken<\/td><td class=\"column-2\">Streaming<\/td><td class=\"column-3\">ab 0,- \u20ac<\/td><td class=\"column-4\"><img decoding=\"async\" src=\"\/Bilder\/symbole\/3-star.png\" alt=\"3 von 5 Sterne\" width=\"90\"><\/td><td class=\"column-5\">*<a href=\"https:\/\/www.iptv-anbieter.info\/webtv-sender\/mediatheken-uebersicht.html\" target=\"_blank\" rel=\"noopener\">mehr<\/a>*<\/td><td class=\"column-6\">.\/.<\/td>\n<\/tr>\n<tr class=\"row-12\">\n\t<td class=\"column-1\">Zattoo<\/td><td class=\"column-2\">Streaming<\/td><td class=\"column-3\">ab 0,- \u20ac<\/td><td class=\"column-4\"><img decoding=\"async\" src=\"\/Bilder\/symbole\/4-star.png\" alt=\"4 von 5 Sterne\" width=\"90\"><\/td><td class=\"column-5\">*<a href=\"https:\/\/www.iptv-anbieter.info\/streaming\/zattoo-iptv.html\" target=\"_blank\" rel=\"noopener\">mehr<\/a>*<\/td><td class=\"column-6\">*<a href=\"https:\/\/www.iptv-anbieter.info\/details\/zattoo\" target=\"_blank\" rel=\"nofollow noopener\">klick<\/a>*<\/td>\n<\/tr>\n<tr class=\"row-13\">\n\t<td class=\"column-1\">DAZN<\/td><td class=\"column-2\">Streaming<\/td><td class=\"column-3\">ab 29.99 \u20ac<\/td><td class=\"column-4\"><img decoding=\"async\" src=\"\/Bilder\/symbole\/3-star.png\" alt=\"3 von 5 Sterne\" width=\"90\"><\/td><td class=\"column-5\">*<a href=\"https:\/\/www.iptv-anbieter.info\/streaming\/dazn.html\" target=\"_blank\" rel=\"noopener\">mehr<\/a>*<\/td><td class=\"column-6\">*<a href=\"https:\/\/www.iptv-anbieter.info\/details\/DAZN\" target=\"_blank\" rel=\"nofollow noopener\">klick<\/a>*<\/td>\n<\/tr>\n<tr class=\"row-14\">\n\t<td class=\"column-1\">Rakuten TV<\/td><td class=\"column-2\">Streaming<\/td><td class=\"column-3\">ab 0,- \u20ac<\/td><td class=\"column-4\"><img decoding=\"async\" src=\"\/Bilder\/symbole\/3-star.png\" alt=\"3 von 5 Sterne\" width=\"90\"><\/td><td class=\"column-5\">*<a href=\"https:\/\/www.iptv-anbieter.info\/streaming\/rakuten-tv.html\" target=\"_blank\" rel=\"noopener\">mehr<\/a>*<\/td><td class=\"column-6\">*<a href=\"https:\/\/www.rakuten.tv\/de\" target=\"_blank\" rel=\"noopener\">klick<\/a>*<\/td>\n<\/tr>\n<tr class=\"row-15\">\n\t<td class=\"column-1\">1&amp;1 TV<\/td><td class=\"column-2\">IPTV o. Streaming<\/td><td class=\"column-3\">ab 4.99 \u20ac<\/td><td class=\"column-4\"><img decoding=\"async\" src=\"\/Bilder\/symbole\/3-star.png\" alt=\"3 von 5 Sterne\" width=\"90\"><\/td><td class=\"column-5\">*<a href=\"https:\/\/www.iptv-anbieter.info\/iptv-provider\/1und1-iptv.html\" target=\"_blank\" rel=\"noopener\">mehr<\/a>*<\/td><td class=\"column-6\">*<a href=\"https:\/\/www.iptv-anbieter.info\/details\/1und1IPTV\" target=\"_blank\" rel=\"nofollow noopener\">klick<\/a>*<\/td>\n<\/tr>\n<tr class=\"row-16\">\n\t<td class=\"column-1\">Sky Stream<\/td><td class=\"column-2\">IPTV<\/td><td class=\"column-3\">ab 14.99 \u20ac<\/td><td class=\"column-4\"><img decoding=\"async\" src=\"\/Bilder\/symbole\/3-star.png\" alt=\"3 von 5 Sterne\" width=\"90\"><\/td><td class=\"column-5\">*<a href=\"https:\/\/www.iptv-anbieter.info\/streaming\/sky-stream.html\" target=\"_blank\" rel=\"noopener\">mehr<\/a>*<\/td><td class=\"column-6\">*<a href=\"https:\/\/www.iptv-anbieter.info\/details\/skyq\" target=\"_blank\" rel=\"nofollow noopener\">klick<\/a>*<\/td>\n<\/tr>\n<tr class=\"row-17\">\n\t<td class=\"column-1\">WOW<\/td><td class=\"column-2\">Streaming<\/td><td class=\"column-3\">ab 5.98 \u20ac<\/td><td class=\"column-4\"><img decoding=\"async\" src=\"\/Bilder\/symbole\/3-star.png\" alt=\"3 von 5 Sterne\" width=\"90\"><\/td><td class=\"column-5\">*<a href=\"https:\/\/www.iptv-anbieter.info\/streaming\/wow.html\" target=\"_blank\" rel=\"noopener\">mehr<\/a>*<\/td><td class=\"column-6\">*<a href=\"https:\/\/www.iptv-anbieter.info\/details\/wow\" target=\"_blank\" rel=\"nofollow noopener\">klick<\/a>*<\/td>\n<\/tr>\n<tr class=\"row-18\">\n\t<td class=\"column-1\">Apple TV+<\/td><td class=\"column-2\">Streaming<\/td><td class=\"column-3\">ab 9.99 \u20ac<\/td><td class=\"column-4\"><img decoding=\"async\" src=\"\/Bilder\/symbole\/3-star.png\" alt=\"3 von 5 Sterne\" width=\"90\"><\/td><td class=\"column-5\">*<a href=\"https:\/\/www.iptv-anbieter.info\/streaming\/apple-tv.html\" target=\"_blank\" rel=\"noopener\">mehr<\/a>*<\/td><td class=\"column-6\">*<a href=\"https:\/\/www.apple.com\/de\/apple-tv-plus\/\" target=\"_blank\" rel=\"noopener\">klick<\/a>*<\/td>\n<\/tr>\n<tr class=\"row-19\">\n\t<td class=\"column-1\">Pluto TV<\/td><td class=\"column-2\">Streaming<\/td><td class=\"column-3\">ab 0,- \u20ac<\/td><td class=\"column-4\"><img decoding=\"async\" src=\"\/Bilder\/symbole\/3-star.png\" alt=\"3 von 5 Sterne\" width=\"90\"><\/td><td class=\"column-5\">*<a href=\"https:\/\/www.iptv-anbieter.info\/streaming\/pluto-tv.html\" target=\"_blank\" rel=\"noopener\">mehr<\/a>*<\/td><td class=\"column-6\">*<a href=\"https:\/\/pluto.tv\/\" target=\"_blank\" rel=\"noopener\">klick<\/a>*<\/td>\n<\/tr>\n<tr class=\"row-20\">\n\t<td class=\"column-1\">HD+ IP<\/td><td class=\"column-2\">Streaming<\/td><td class=\"column-3\">ab 6 \u20ac<\/td><td class=\"column-4\"><img decoding=\"async\" src=\"\/Bilder\/symbole\/3-star.png\" alt=\"3 von 5 Sterne\" width=\"90\"><\/td><td class=\"column-5\">*<a href=\"https:\/\/www.iptv-anbieter.info\/streaming\/hd-plus-ip.html\" target=\"_blank\" rel=\"noopener\">mehr<\/a>*<\/td><td class=\"column-6\">*<a href=\"https:\/\/www.iptv-anbieter.info\/details\/hdplus\" target=\"_blank\" rel=\"nofollow noopener\">klick<\/a>*<\/td>\n<\/tr>\n<tr class=\"row-21\">\n\t<td class=\"column-1\">Giga TV Net<\/td><td class=\"column-2\">IPTV<\/td><td class=\"column-3\">ab 14.99 \u20ac<\/td><td class=\"column-4\"><img decoding=\"async\" src=\"\/Bilder\/symbole\/2-star.png\" alt=\"2 von 5 Sterne\" width=\"90\"><\/td><td class=\"column-5\">*<a href=\"https:\/\/www.iptv-anbieter.info\/iptv-provider\/gigatv-net-vodafone.html\" target=\"_blank\" rel=\"noopener\">mehr<\/a>*<\/td><td class=\"column-6\">*<a href=\"https:\/\/www.iptv-anbieter.info\/details\/vodafonetv\" target=\"_blank\" rel=\"nofollow noopener\">klick<\/a>*<\/td>\n<\/tr>\n<\/tbody>\n<\/table>\n\n<p>&nbsp;<\/p>\n<p>Hinweis: &#8222;IPTV oder Streaming&#8220; bedeutet in der Tabelle oben, dass das Angebot entweder als reines IPTV-Produkt oder als <a href=\"https:\/\/www.iptv-anbieter.info\/ott\/ott-tv.html\" data-internallinksmanager029f6b8e52c=\"39\" title=\"OTT\">OTT<\/a>-Variante per Streaming verf\u00fcgbar ist.<\/p>\n<h2>Fazit<\/h2>\n<p>Wer einen neuen Anbieter entdeckt und sich nicht sicher ist bez\u00fcglich der Seriosit\u00e4t, sollte zun\u00e4chst eine gesunde Portion Misstrauen an den Tag legen und einige der Tipps und Punkt 2 in diesem Ratgeber pr\u00fcfen. Ein positives Indiz ist vor allem ein regul\u00e4res Impressum mit einer DE-, EU- oder US-Anschrift. Ansonsten oder bei den \u00fcblichen Verd\u00e4chtigen, wie Cayman Island, Osteuropa oder Asien, sollte man die Finger von lassen. Ansonsten hei\u00dft es: Film ab!<\/p>\n<h3>Weiterf\u00fchrendes<\/h3>\n<p>&raquo; <a href=\"https:\/\/www.iptv-anbieter.info\/tarife\/tarife-fuer-streaming-tv.html\">So schnell sollte Ihr Internetanschluss f\u00fcr Streaming bzw. IPTV sein<\/a><br \/>\n&raquo; <a href=\"https:\/\/www.iptv-anbieter.info\/iptv-news\/iptv-was-ist-legal-und-was-illegal\/\">Ist IPTV illegal?<\/a><br \/>\n&raquo; <a href=\"https:\/\/www.iptv-anbieter.info\/test\/speedtest.html\">Internet Speedtest machen<\/a><br \/>\n&raquo; <a href=\"https:\/\/www.iptv-anbieter.info\/m3u\/was-ist-m3u.html\">Was sind M3U Dateien bzw. Senderlisten?<\/a><\/p>\n<div style='text-align:center' class='yasr-auto-insert-visitor'><\/div>","protected":false},"excerpt":{"rendered":"<p>So unterscheiden Sie echte von zwielichtigen Anbietern Immer wieder tauchen in den Medien Berichte von Razzien und Schl\u00e4ge gegen TV-Piraten auf. Daher stellen sich viele Verbraucher berechtigt die Frage: Ist die Nutzung von IPTV \u00fcberhaupt seri\u00f6s m\u00f6glich? Wir zeigen, was man guten Gewissens machen kann und wo Gefahren von dubiosen Quellen lauern.<\/p>\n","protected":false},"author":1,"featured_media":0,"parent":0,"menu_order":0,"comment_status":"closed","ping_status":"closed","template":"","meta":{"yasr_overall_rating":0,"yasr_post_is_review":"yes","yasr_auto_insert_disabled":"","yasr_review_type":"CreativeWorkSeries","iawp_total_views":636,"footnotes":"","_wp_rev_ctl_limit":""},"class_list":["post-20433","page","type-page","status-publish","hentry"],"yasr_visitor_votes":{"stars_attributes":{"read_only":false,"span_bottom":false},"number_of_votes":0,"sum_votes":0},"_links":{"self":[{"href":"https:\/\/www.iptv-anbieter.info\/iptv-news\/wp-json\/wp\/v2\/pages\/20433","targetHints":{"allow":["GET"]}}],"collection":[{"href":"https:\/\/www.iptv-anbieter.info\/iptv-news\/wp-json\/wp\/v2\/pages"}],"about":[{"href":"https:\/\/www.iptv-anbieter.info\/iptv-news\/wp-json\/wp\/v2\/types\/page"}],"author":[{"embeddable":true,"href":"https:\/\/www.iptv-anbieter.info\/iptv-news\/wp-json\/wp\/v2\/users\/1"}],"replies":[{"embeddable":true,"href":"https:\/\/www.iptv-anbieter.info\/iptv-news\/wp-json\/wp\/v2\/comments?post=20433"}],"version-history":[{"count":4,"href":"https:\/\/www.iptv-anbieter.info\/iptv-news\/wp-json\/wp\/v2\/pages\/20433\/revisions"}],"predecessor-version":[{"id":21761,"href":"https:\/\/www.iptv-anbieter.info\/iptv-news\/wp-json\/wp\/v2\/pages\/20433\/revisions\/21761"}],"wp:attachment":[{"href":"https:\/\/www.iptv-anbieter.info\/iptv-news\/wp-json\/wp\/v2\/media?parent=20433"}],"curies":[{"name":"wp","href":"https:\/\/api.w.org\/{rel}","templated":true}]}}